{"id":326,"date":"2022-03-27T18:09:13","date_gmt":"2022-03-27T18:09:13","guid":{"rendered":"https:\/\/meamenta.com\/?page_id=326"},"modified":"2025-12-31T13:41:45","modified_gmt":"2025-12-31T13:41:45","slug":"refund_returns","status":"publish","type":"page","link":"https:\/\/meamenta.com\/?page_id=326","title":{"rendered":"Refund and Returns Policy"},"content":{"rendered":"\t\t<div data-elementor-type=\"wp-page\" data-elementor-id=\"326\" class=\"elementor elementor-326\">\n\t\t\t\t\t\t<section class=\"elementor-section elementor-top-section elementor-element elementor-element-3eafb809 elementor-section-boxed elementor-section-height-default elementor-section-height-default\" data-id=\"3eafb809\" data-element_type=\"section\" data-e-type=\"section\">\n\t\t\t\t\t\t<div class=\"elementor-container elementor-column-gap-default\">\n\t\t\t\t\t<div class=\"elementor-column elementor-col-100 elementor-top-column elementor-element elementor-element-29624e85\" data-id=\"29624e85\" data-element_type=\"column\" data-e-type=\"column\">\n\t\t\t<div class=\"elementor-widget-wrap elementor-element-populated\">\n\t\t\t\t\t\t<div class=\"elementor-element elementor-element-6b51ec76 elementor-widget elementor-widget-text-editor\" data-id=\"6b51ec76\" data-element_type=\"widget\" data-e-type=\"widget\" data-widget_type=\"text-editor.default\">\n\t\t\t\t<div class=\"elementor-widget-container\">\n\t\t\t\t\t\t\t\t\t<p>Our refund and returns policy lasts 14 days. If 14 days have passed since your purchase, we can\u2019t offer you a full refund or exchange. To be eligible for a return, your item must be unused and in the same condition that you received it. It must also be in the original packaging.<\/p><p class=\"auto-style2\">Several types of goods are exempt from being returned. Perishable and consumable products can not be returned. We also do not accept products that are intimate or sanitary goods, hazardous materials, or flammable liquids or gases.<\/p><p class=\"auto-style2\">Examples of non-returnable items:<br \/><span style=\"color: var( --e-global-color-text ); font-family: var( --e-global-typography-text-font-family ), Sans-serif; font-weight: var( --e-global-typography-text-font-weight ); letter-spacing: 0px;\">Due to hygiene regulations, aroma sprays and consumable products like snuff can only be returned unopened and unused unlesss they underlie any quality issues\/manufacturer defects.\u00a0<\/span><span style=\"color: var( --e-global-color-text ); font-family: var( --e-global-typography-text-font-family ), Sans-serif; font-weight: var( --e-global-typography-text-font-weight ); letter-spacing: 0px;\">We do not accept international \u201cchange of mind\u201d returns. However, if a product is damaged, expired or lacks quality in any way, we are glad to replace it.\u00a0<\/span><span style=\"color: var( --e-global-color-text ); font-family: var( --e-global-typography-text-font-family ), Sans-serif; font-weight: var( --e-global-typography-text-font-weight ); letter-spacing: 0px;\">The period for complaints is 14 days.<\/span><\/p><p class=\"auto-style2\">To complete your return, we require a receipt or proof of purchase. (email will do).<\/p><p class=\"auto-style2\">Once your return is received and inspected, we will send you an email to notify you that we have received your returned item. We will also notify you of the approval or rejection of your refund. If you are approved, then your refund will be processed, and a credit will automatically be applied to your credit card or original method of payment, within a certain amount of days.<\/p><p class=\"auto-style2\">Late or missing refunds<\/p><p class=\"auto-style2\">If you haven\u2019t received a refund yet, first check your bank account again. Then contact your credit card company, it may take some time before your refund is officially posted. Next contact your bank. There is often some processing time before a refund is posted. If you\u2019ve done all of this and you still have not received your refund yet, please contact us at our webpage under \u201ccontact\u201d.<\/p><p class=\"auto-style2\">Sale items<\/p><p class=\"auto-style2\">Only regular priced items may be refunded. Sale items cannot be refunded.<\/p><p class=\"auto-style2\">To return your product, you should mail your product to the sender address stated on your parcel. Please, contact us first before you send anything in. You will be responsible for paying for your own shipping costs for returning your item. Shipping costs are non-refundable. If you receive a refund, the cost of return shipping will be deducted from your refund. Depending on where you live, the time it may take for your exchanged product to reach you may vary. If you are returning more expensive items, you may consider using a trackable shipping service or purchasing shipping insurance. We don\u2019t guarantee that we will receive your returned item.<\/p><p class=\"auto-style2\">Contact us at our website under \u201cInformations\/Contact\u201d for questions related to refunds and returns.<\/p><p><span lang=\"EN-GB\">Improper returns:<\/span>\u00a0<span lang=\"EN-GB\">Where you return a product in contravention of this policy (and where you do not have any other legal right to return the product): We will not refund or exchange the product; we may retain the returned product until you pay to us such additional amount as we may charge for re-delivery of the returned product.<\/span><\/p>\t\t\t\t\t\t\t\t<\/div>\n\t\t\t\t<\/div>\n\t\t\t\t\t<\/div>\n\t\t<\/div>\n\t\t\t\t\t<\/div>\n\t\t<\/section>\n\t\t\t\t<\/div>\n\t\t","protected":false},"excerpt":{"rendered":"<p>Widerrufsbelehrung Widerrufsrecht Sie haben das Recht, binnen vierzehn Tagen ohne Angabe von Gr\u00fcnden diesen Vertrag zu widerrufen. Die Widerrufsfrist betr\u00e4gt vierzehn Tage ab dem Tag, an dem Sie oder ein von Ihnen benannter Dritter, der nicht der Bef\u00f6rderer ist, die Waren in Besitz genommen haben bzw. hat. Um Ihr Widerrufsrecht auszu\u00fcben, m\u00fcssen Sie uns mittels &hellip; <\/p>\n<p class=\"link-more\"><a href=\"https:\/\/meamenta.com\/?page_id=326\" class=\"more-link\">Mehr <span class=\"screen-reader-text\">\u00fcber &#8222;Refund and Returns Policy&#8220; <\/span>Lesen<\/a><\/p>\n","protected":false},"author":1,"featured_media":0,"parent":0,"menu_order":0,"comment_status":"closed","ping_status":"closed","template":"","meta":{"_monsterinsights_skip_tracking":false,"_monsterinsights_sitenote_active":false,"_monsterinsights_sitenote_note":"","_monsterinsights_sitenote_category":0,"footnotes":""},"class_list":["post-326","page","type-page","status-publish","hentry"],"jetpack_sharing_enabled":true,"featured_media_urls":[],"_links":{"self":[{"href":"https:\/\/meamenta.com\/index.php?rest_route=\/wp\/v2\/pages\/326","targetHints":{"allow":["GET"]}}],"collection":[{"href":"https:\/\/meamenta.com\/index.php?rest_route=\/wp\/v2\/pages"}],"about":[{"href":"https:\/\/meamenta.com\/index.php?rest_route=\/wp\/v2\/types\/page"}],"author":[{"embeddable":true,"href":"https:\/\/meamenta.com\/index.php?rest_route=\/wp\/v2\/users\/1"}],"replies":[{"embeddable":true,"href":"https:\/\/meamenta.com\/index.php?rest_route=%2Fwp%2Fv2%2Fcomments&post=326"}],"version-history":[{"count":11,"href":"https:\/\/meamenta.com\/index.php?rest_route=\/wp\/v2\/pages\/326\/revisions"}],"predecessor-version":[{"id":2127,"href":"https:\/\/meamenta.com\/index.php?rest_route=\/wp\/v2\/pages\/326\/revisions\/2127"}],"wp:attachment":[{"href":"https:\/\/meamenta.com\/index.php?rest_route=%2Fwp%2Fv2%2Fmedia&parent=326"}],"curies":[{"name":"wp","href":"https:\/\/api.w.org\/{rel}","templated":true}]}}